{"id":16163,"date":"2022-03-08T15:26:06","date_gmt":"2022-03-08T18:26:06","guid":{"rendered":"https:\/\/comunique-se.com.br\/blog\/?page_id=16163"},"modified":"2022-03-15T16:42:33","modified_gmt":"2022-03-15T19:42:33","slug":"ingressos-premio","status":"publish","type":"page","link":"https:\/\/comunique-se.com.br\/blog\/ingressos-premio\/","title":{"rendered":"INGRESSOS PR\u00caMIO"},"content":{"rendered":"<p>[vc_section full_width=&#8221;stretch_row&#8221; content_placement=&#8221;middle&#8221; css=&#8221;.vc_custom_1611162715928{background-color: #f7f7f7 !important;}&#8221; el_class=&#8221;background-no-repeat&#8221;][vc_row content_placement=&#8221;middle&#8221; bg_type=&#8221;grad&#8221; bg_override=&#8221;full&#8221; css=&#8221;.vc_custom_1583183765810{margin-top: -36px !important;}&#8221; bg_grad=&#8221;background: -webkit-gradient(linear, left top, left bottom, color-stop(0%, #FFA826), color-stop(100%, #EB4A00));background: -moz-linear-gradient(left,#FFA826 0%,#EB4A00 100%);background: -webkit-linear-gradient(left,#FFA826 0%,#EB4A00 100%);background: -o-linear-gradient(left,#FFA826 0%,#EB4A00 100%);background: -ms-linear-gradient(left,#FFA826 0%,#EB4A00 100%);background: linear-gradient(left,#FFA826 0%,#EB4A00 100%);&#8221;][vc_column width=&#8221;1\/3&#8243; css=&#8221;.vc_custom_1515761320204{margin: 0px !important;border-width: 0px !important;padding: 0px !important;}&#8221;][vc_single_image image=&#8221;5&#8243; img_size=&#8221;full&#8221; onclick=&#8221;custom_link&#8221; image_hovers=&#8221;false&#8221; css=&#8221;.vc_custom_1517305023532{margin-top: 0px !important;margin-right: 0px !important;margin-bottom: 0px !important;margin-left: 0px !important;border-top-width: 0px !important;border-right-width: 0px !important;border-bottom-width: 0px !important;border-left-width: 0px !important;padding-top: 10px !important;padding-right: 0px !important;padding-bottom: 12px !important;padding-left: 0px !important;}&#8221; link=&#8221;https:\/\/comunique-se.com.br\/blog&#8221; el_class=&#8221;img-center-mobile&#8221;][\/vc_column][vc_column width=&#8221;1\/3&#8243; css=&#8221;.vc_custom_1515761343915{margin: 0px !important;border-width: 0px !important;padding: 0px !important;}&#8221;][\/vc_column][vc_column width=&#8221;1\/3&#8243; css=&#8221;.vc_custom_1515762234526{margin: 0px !important;border-width: 0px !important;padding: 0px !important;}&#8221;][vc_raw_html css=&#8221;.vc_custom_1642537657997{padding-top: 28px !important;}&#8221;][\/vc_raw_html][\/vc_column][\/vc_row][vc_row content_placement=&#8221;top&#8221; el_id=&#8221;form&#8221;][vc_column width=&#8221;2\/3&#8243; el_class=&#8221;menos-padding-laptop&#8221;]<div class=\"ult-spacer spacer-69d02f7769617\" data-id=\"69d02f7769617\" data-height=\"10\" data-height-mobile=\"10\" data-height-tab=\"10\" data-height-tab-portrait=\"10\" data-height-mobile-landscape=\"10\" style=\"clear:both;display:block;\"><\/div><div id=\"ultimate-heading-256569d02f7769654\" class=\"uvc-heading ult-adjust-bottom-margin ultimate-heading-256569d02f7769654 uvc-7362 \" data-hspacer=\"no_spacer\"  data-halign=\"left\" style=\"text-align:left\"><div class=\"uvc-heading-spacer no_spacer\" style=\"top\"><\/div><div class=\"uvc-main-heading ult-responsive\"  data-ultimate-target='.uvc-heading.ultimate-heading-256569d02f7769654 h1'  data-responsive-json-new='{\"font-size\":\"desktop:18px;tablet:18px;tablet_portrait:18px;mobile_landscape:18px;mobile:18px;\",\"line-height\":\"desktop:24px;tablet:24px;tablet_portrait:24px;mobile_landscape:24px;mobile:24px;\"}' ><h1 style=\"font-family:&#039;Lato&#039;;font-weight:900;color:#e47b23;margin-bottom:2px;\">INGRESSOS<\/h1><\/div><\/div><div id=\"ultimate-heading-207169d02f77696cd\" class=\"uvc-heading ult-adjust-bottom-margin ultimate-heading-207169d02f77696cd uvc-5163 Bold-Normal\" data-hspacer=\"no_spacer\"  data-halign=\"left\" style=\"text-align:left\"><div class=\"uvc-heading-spacer no_spacer\" style=\"top\"><\/div><div class=\"uvc-main-heading ult-responsive\"  data-ultimate-target='.uvc-heading.ultimate-heading-207169d02f77696cd h2'  data-responsive-json-new='{\"font-size\":\"desktop:50px;tablet:40px;tablet_portrait:40px;mobile_landscape:34px;mobile:44px;\",\"line-height\":\"desktop:58px;tablet:48px;tablet_portrait:48px;mobile_landscape:52px;mobile:52px;\"}' ><h2 style=\"font-family:&#039;Lato&#039;;font-weight:300;\">Quer ser VIP no<br \/>\n<strong>Pr\u00eamio Comunique-se<\/strong>?<\/h2><\/div><div class=\"uvc-sub-heading ult-responsive\"  data-ultimate-target='.uvc-heading.ultimate-heading-207169d02f77696cd .uvc-sub-heading '  data-responsive-json-new='{\"font-size\":\"\",\"line-height\":\"\"}'  style=\"font-weight:normal;\"><b>VEJA COMO SE TORNAR VIP<\/b><\/p>\n<p><span style=\"font-weight: 400;\">J\u00e1 pensou em ser VIP no Pr\u00eamio Comunique-se, participar da premia\u00e7\u00e3o ao vivo e ampliar o networking com os principais nomes da imprensa brasileira? Agora voc\u00ea pode!<\/span><\/p>\n<p><span style=\"font-weight: 400;\">Para isso, basta preencher este formul\u00e1rio para participar do nosso sorteio. O resultado ser\u00e1 divulgado na live de Lan\u00e7amento do Pr\u00eamio Comunique-se 2022<\/span><span style=\"font-weight: 400;\">, na data xx\/xx\/xxxx.<\/span><\/p>\n<p><b><img loading=\"lazy\" decoding=\"async\" class=\"alignnone wp-image-16204 \" src=\"https:\/\/comunique-se.com.br\/blog\/wp-content\/uploads\/2022\/03\/premio-1.png\" alt=\"\" width=\"619\" height=\"362\" srcset=\"https:\/\/comunique-se.com.br\/blog\/wp-content\/uploads\/2022\/03\/premio-1.png 1341w, https:\/\/comunique-se.com.br\/blog\/wp-content\/uploads\/2022\/03\/premio-1-300x176.png 300w, https:\/\/comunique-se.com.br\/blog\/wp-content\/uploads\/2022\/03\/premio-1-1024x600.png 1024w, https:\/\/comunique-se.com.br\/blog\/wp-content\/uploads\/2022\/03\/premio-1-768x450.png 768w\" sizes=\"auto, (max-width: 619px) 100vw, 619px\" \/><br \/>\n<\/b><b>VIP NO EVENTO<\/b><\/p>\n<p><span style=\"font-weight: 400;\">O vencedor e mais um acompanhante a sua escolha poder\u00e3o:<\/span><\/p>\n<div id=\"list-icon-wrap-1304\" class=\"uavc-list-content\">\n<p><span class=\"uavc-list-desc ult-responsive\" data-ultimate-target=\"#list-icon-wrap-1304 .uavc-list-desc\" data-responsive-json-new=\"{&quot;font-size&quot;:&quot;&quot;,&quot;line-height&quot;:&quot;&quot;}\">\u2022 Acompanhar de perto, ao vivo, a maior premia\u00e7\u00e3o da imprensa brasileira;<\/span><\/p>\n<p>\u2022 Participar do jantar de gala com uma seleta lista de convidados \u2014 os grandes nomes da categoria, indicados e finalistas da premia\u00e7\u00e3o;<\/p>\n<p>\u2022 Estar na mesa VIP, com apresentadores, patrocinadores e parceiros do evento \u2014 uma grande oportunidade de relacionamento e de estar perto dos \u00edcones do jornalismo brasileiro.<\/p>\n<\/div>\n<p><\/div><\/div><div class=\"ult-spacer spacer-69d02f77696ff\" data-id=\"69d02f77696ff\" data-height=\"30\" data-height-mobile=\"30\" data-height-tab=\"30\" data-height-tab-portrait=\"30\" data-height-mobile-landscape=\"30\" style=\"clear:both;display:block;\"><\/div><div id=\"ultimate-heading-327569d02f7769716\" class=\"uvc-heading ult-adjust-bottom-margin ultimate-heading-327569d02f7769716 uvc-1594 Bold-Normal\" data-hspacer=\"no_spacer\"  data-halign=\"left\" style=\"text-align:left\"><div class=\"uvc-heading-spacer no_spacer\" style=\"top\"><\/div><div class=\"uvc-sub-heading ult-responsive\"  data-ultimate-target='.uvc-heading.ultimate-heading-327569d02f7769716 .uvc-sub-heading '  data-responsive-json-new='{\"font-size\":\"\",\"line-height\":\"\"}'  style=\"font-weight:normal;\"><strong>VEJA ALGUNS CONVIDADOS DOS ANOS ANTERIORES:<\/strong><\/div><\/div><div class=\"ult-spacer spacer-69d02f776972f\" data-id=\"69d02f776972f\" data-height=\"30\" data-height-mobile=\"30\" data-height-tab=\"30\" data-height-tab-portrait=\"30\" data-height-mobile-landscape=\"30\" style=\"clear:both;display:block;\"><\/div>[vc_row_inner][vc_column_inner width=&#8221;1\/5&#8243;][vc_single_image image=&#8221;16222&#8243; alignment=&#8221;center&#8221; image_hovers=&#8221;false&#8221;]<div id=\"ultimate-heading-231469d02f7769740\" class=\"uvc-heading ult-adjust-bottom-margin ultimate-heading-231469d02f7769740 uvc-3369 \" data-hspacer=\"no_spacer\"  data-halign=\"center\" style=\"text-align:center\"><div class=\"uvc-heading-spacer no_spacer\" style=\"top\"><\/div><div class=\"uvc-sub-heading ult-responsive\"  data-ultimate-target='.uvc-heading.ultimate-heading-231469d02f7769740 .uvc-sub-heading '  data-responsive-json-new='{\"font-size\":\"\",\"line-height\":\"\"}'  style=\"font-weight:normal;color:#333333;\"><strong>Roberto Cabrini<\/strong><\/p>\n<p>Record \/ R7<\/div><\/div>[\/vc_column_inner][vc_column_inner width=&#8221;1\/5&#8243;][vc_single_image image=&#8221;16225&#8243; alignment=&#8221;center&#8221; image_hovers=&#8221;false&#8221;]<div id=\"ultimate-heading-221869d02f7769756\" class=\"uvc-heading ult-adjust-bottom-margin ultimate-heading-221869d02f7769756 uvc-2440 \" data-hspacer=\"no_spacer\"  data-halign=\"center\" style=\"text-align:center\"><div class=\"uvc-heading-spacer no_spacer\" style=\"top\"><\/div><div class=\"uvc-sub-heading ult-responsive\"  data-ultimate-target='.uvc-heading.ultimate-heading-221869d02f7769756 .uvc-sub-heading '  data-responsive-json-new='{\"font-size\":\"\",\"line-height\":\"\"}'  style=\"font-weight:normal;color:#333333;\"><strong>Andr\u00e9ia Sadi<\/strong><\/p>\n<p>GloboNews \/ G1<\/div><\/div>[\/vc_column_inner][vc_column_inner width=&#8221;1\/5&#8243;][vc_single_image image=&#8221;16224&#8243; alignment=&#8221;center&#8221; image_hovers=&#8221;false&#8221;]<div id=\"ultimate-heading-749669d02f776976b\" class=\"uvc-heading ult-adjust-bottom-margin ultimate-heading-749669d02f776976b uvc-2249 \" data-hspacer=\"no_spacer\"  data-halign=\"center\" style=\"text-align:center\"><div class=\"uvc-heading-spacer no_spacer\" style=\"top\"><\/div><div class=\"uvc-sub-heading ult-responsive\"  data-ultimate-target='.uvc-heading.ultimate-heading-749669d02f776976b .uvc-sub-heading '  data-responsive-json-new='{\"font-size\":\"\",\"line-height\":\"\"}'  style=\"font-weight:normal;color:#333333;\"><strong>Luiz Megale<\/strong><\/p>\n<p><span style=\"font-weight: 400;\">Band News<\/span><\/div><\/div>[\/vc_column_inner][vc_column_inner width=&#8221;1\/5&#8243;][vc_single_image image=&#8221;16223&#8243; alignment=&#8221;center&#8221; image_hovers=&#8221;false&#8221;]<div id=\"ultimate-heading-809169d02f776977f\" class=\"uvc-heading ult-adjust-bottom-margin ultimate-heading-809169d02f776977f uvc-8504 \" data-hspacer=\"no_spacer\"  data-halign=\"center\" style=\"text-align:center\"><div class=\"uvc-heading-spacer no_spacer\" style=\"top\"><\/div><div class=\"uvc-sub-heading ult-responsive\"  data-ultimate-target='.uvc-heading.ultimate-heading-809169d02f776977f .uvc-sub-heading '  data-responsive-json-new='{\"font-size\":\"\",\"line-height\":\"\"}'  style=\"font-weight:normal;color:#333333;\"><strong>Tereza Cruvinel<\/strong><\/p>\n<p><span style=\"font-weight: 400;\">Brasil 247<\/span><\/div><\/div>[\/vc_column_inner][vc_column_inner width=&#8221;1\/5&#8243;][vc_single_image image=&#8221;16221&#8243; alignment=&#8221;center&#8221; image_hovers=&#8221;false&#8221;]<div id=\"ultimate-heading-732369d02f7769792\" class=\"uvc-heading ult-adjust-bottom-margin ultimate-heading-732369d02f7769792 uvc-5636 \" data-hspacer=\"no_spacer\"  data-halign=\"center\" style=\"text-align:center\"><div class=\"uvc-heading-spacer no_spacer\" style=\"top\"><\/div><div class=\"uvc-sub-heading ult-responsive\"  data-ultimate-target='.uvc-heading.ultimate-heading-732369d02f7769792 .uvc-sub-heading '  data-responsive-json-new='{\"font-size\":\"\",\"line-height\":\"\"}'  style=\"font-weight:normal;color:#333333;\"><strong>Mauro Beting<\/strong><\/p>\n<p>TNT \/ SBT<\/div><\/div>[\/vc_column_inner][\/vc_row_inner]<div class=\"ult-spacer spacer-69d02f77697a6\" data-id=\"69d02f77697a6\" data-height=\"30\" data-height-mobile=\"30\" data-height-tab=\"30\" data-height-tab-portrait=\"30\" data-height-mobile-landscape=\"30\" style=\"clear:both;display:block;\"><\/div>[vc_column_text]<a href=\"#form\"><img loading=\"lazy\" decoding=\"async\" class=\"alignnone size-full wp-image-14781\" src=\"https:\/\/comunique-se.com.br\/blog\/wp-content\/uploads\/2021\/05\/botao-Inscreva-se-Agora.png\" alt=\"\" width=\"307\" height=\"63\" srcset=\"https:\/\/comunique-se.com.br\/blog\/wp-content\/uploads\/2021\/05\/botao-Inscreva-se-Agora.png 307w, https:\/\/comunique-se.com.br\/blog\/wp-content\/uploads\/2021\/05\/botao-Inscreva-se-Agora-300x62.png 300w\" sizes=\"auto, (max-width: 307px) 100vw, 307px\" \/><\/a>[\/vc_column_text][\/vc_column][vc_column width=&#8221;1\/3&#8243;]<div class=\"ult-spacer spacer-69d02f77697b3\" data-id=\"69d02f77697b3\" data-height=\"20\" data-height-mobile=\"10\" data-height-tab=\"20\" data-height-tab-portrait=\"20\" data-height-mobile-landscape=\"10\" style=\"clear:both;display:block;\"><\/div><div class=\"ult-content-box-container \" >\t\t<div class=\"ult-content-box\" style=\"background-color:#ffffff;box-shadow: 3px 2px 20px 3px rgba(0,0,0,0.16) ;border-style:solid;border-width:0px;border-radius:22px;padding-top:0px;padding-right:14px;padding-bottom:0px;padding-left:14px;min-height:480px;-webkit-transition: all 700ms ease;-moz-transition: all 700ms ease;-ms-transition: all 700ms ease;-o-transition: all 700ms ease;transition: all 700ms ease;\"  data-hover_box_shadow=\"none\"     data-bg=\"#ffffff\"  data-border_color=\"\" >[vc_row_inner el_class=&#8221;border-radius-Contato&#8221; css=&#8221;.vc_custom_1555360557621{background-color: #e47b23 !important;}&#8221;][vc_column_inner css=&#8221;.vc_custom_1516736125048{margin-top: 0px !important;margin-right: 0px !important;margin-bottom: 0px !important;margin-left: 0px !important;border-top-width: 0px !important;border-right-width: 0px !important;border-bottom-width: 0px !important;border-left-width: 0px !important;padding-top: 0px !important;padding-right: 22px !important;padding-bottom: 0px !important;padding-left: 22px !important;}&#8221;]<div class=\"ult-spacer spacer-69d02f7769858\" data-id=\"69d02f7769858\" data-height=\"20\" data-height-mobile=\"10\" data-height-tab=\"20\" data-height-tab-portrait=\"20\" data-height-mobile-landscape=\"10\" style=\"clear:both;display:block;\"><\/div><div id=\"ultimate-heading-333569d02f776987e\" class=\"uvc-heading ult-adjust-bottom-margin ultimate-heading-333569d02f776987e uvc-9063 \" data-hspacer=\"line_only\"  data-halign=\"center\" style=\"text-align:center\"><div class=\"uvc-main-heading ult-responsive\"  data-ultimate-target='.uvc-heading.ultimate-heading-333569d02f776987e h2'  data-responsive-json-new='{\"font-size\":\"desktop:24px;\",\"line-height\":\"desktop:34px;\"}' ><h2 style=\"font-family:&#039;Lato&#039;;font-weight:900;color:#ffffff;margin-bottom:20px;\">CADASTRE SEU VE\u00cdCULO<\/h2><\/div><div class=\"uvc-heading-spacer line_only\" style=\"margin-bottom:15px;height:1px;\"><span class=\"uvc-headings-line\" style=\"border-style:solid;border-bottom-width:1px;border-color:#ffffff;width:80px;\"><\/span><\/div><div class=\"uvc-sub-heading ult-responsive\"  data-ultimate-target='.uvc-heading.ultimate-heading-333569d02f776987e .uvc-sub-heading '  data-responsive-json-new='{\"font-size\":\"desktop:18px;\",\"line-height\":\"desktop:28px;\"}'  style=\"font-family:&#039;Lato&#039;;font-weight:normal;color:#ffffff;margin-bottom:25px;\">Cadastre seu ve\u00edculo para receber <strong>not\u00edcias de todo o Brasil.<\/strong><\/div><\/div>[\/vc_column_inner][\/vc_row_inner][vc_row_inner css=&#8221;.vc_custom_1611163190270{padding-right: 2px !important;}&#8221;][vc_column_inner css=&#8221;.vc_custom_1516736417282{margin-top: 0px !important;margin-right: 0px !important;margin-left: 0px !important;border-top-width: 0px !important;border-right-width: 0px !important;border-left-width: 0px !important;padding-top: 0px !important;padding-right: 22px !important;padding-left: 32px !important;}&#8221;][vc_raw_js]JTNDZGl2JTIwcm9sZSUzRCUyMm1haW4lMjIlMjBpZCUzRCUyMmxwLWpvcm5hbGlzdGFzLXZpcC1wcmVtaW8tZThlODYyM2UzYmZmZjI5MzAyZWYlMjIlM0UlM0MlMkZkaXYlM0UlM0NzY3JpcHQlMjB0eXBlJTNEJTIydGV4dCUyRmphdmFzY3JpcHQlMjIlMjBzcmMlM0QlMjJodHRwcyUzQSUyRiUyRmQzMzVsdXVwdWdzeTIuY2xvdWRmcm9udC5uZXQlMkZqcyUyRnJkc3RhdGlvbi1mb3JtcyUyRnN0YWJsZSUyRnJkc3RhdGlvbi1mb3Jtcy5taW4uanMlMjIlM0UlM0MlMkZzY3JpcHQlM0UlM0NzY3JpcHQlMjB0eXBlJTNEJTIydGV4dCUyRmphdmFzY3JpcHQlMjIlM0UlMjBuZXclMjBSRFN0YXRpb25Gb3JtcyUyOCUyN2xwLWpvcm5hbGlzdGFzLXZpcC1wcmVtaW8tZThlODYyM2UzYmZmZjI5MzAyZWYlMjclMkMlMjAlMjdVQS0zMDU3Nzc3MC0yJTI3JTI5LmNyZWF0ZUZvcm0lMjglMjklM0IlM0MlMkZzY3JpcHQlM0U=[\/vc_raw_js][\/vc_column_inner][\/vc_row_inner]\t\t<\/div><\/div><div class=\"ult-spacer spacer-69d02f77698b7\" data-id=\"69d02f77698b7\" data-height=\"30\" data-height-mobile=\"30\" data-height-tab=\"30\" data-height-tab-portrait=\"30\" data-height-mobile-landscape=\"30\" style=\"clear:both;display:block;\"><\/div>[vc_column_text]<\/p>\n<p style=\"font-size: 12px; line-height: 16px;\"><em>Estes dados ser\u00e3o utilizados para lhe enviar informativos e sugest\u00f5es de pautas relevantes e condizentes com as editorias do seu ve\u00edculo de atua\u00e7\u00e3o\u00a0<strong>e para que assessores e parceiros da comunidade jornal\u00edstica possam fazer contato e follow-up,<\/strong>\u00a0al\u00e9m de utilizarmos para efeitos estat\u00edsticos<\/em><\/p>\n<p>[\/vc_column_text][vc_btn title=&#8221;Confira o Regulamento&#8221; color=&#8221;inverse&#8221; link=&#8221;url:https%3A%2F%2Fdocs.google.com%2Fdocument%2Fd%2F1L4e7_DS7uNYaLmYNdubdW-_2RKuJUBzCZP8vvTh0Fg0%2Fedit&#8221;][vc_column_text]<\/p>\n<p style=\"font-size: 12px; line-height: 16px;\">O respons\u00e1vel pelo tratamento dos seus dados pessoais \u00e9 a Comunique-se S\/A. Estes dados ser\u00e3o utilizados para lhe enviar informativos e sugest\u00f5es de pautas relevantes e condizentes com as editorias do seu ve\u00edculo de atua\u00e7\u00e3o, al\u00e9m de utilizarmos para efeitos estat\u00edsticos. Para mais informa\u00e7\u00f5es sobre como utilizaremos os dados, por favor consulte a nossa <a href=\"https:\/\/institucional.comunique-se.com.br\/politica-de-privacidade\/\">Pol\u00edtica de Privacidade<\/a>. A Comunique-se S\/A pode compartilhar estes dados com outras marcas do Grupo Comunique-se para a mesma finalidade. Ao utilizar este formul\u00e1rio voc\u00ea concorda com a nossa Pol\u00edtica. Caso deseje se desinscrever, voc\u00ea pode faz\u00ea-lo a partir de algum e-mail j\u00e1 recebido (atrav\u00e9s da fun\u00e7\u00e3o descadastrar) ou nos contatando a partir do e-mail <a href=\"mailto:marketing@comunique-se.com.br\">pesquisa@comunique-se.com.br<\/a>. Para exercer os seus direitos de usu\u00e1rio para retifica\u00e7\u00e3o ou remo\u00e7\u00e3o dos dados sens\u00edveis, contate-nos atrav\u00e9s do e-mail <a href=\"mailto:dpo@comunique-se.com.br\">dpo@comunique-se.com.br<\/a><\/p>\n<p>[\/vc_column_text]<div class=\"ult-spacer spacer-69d02f77698c4\" data-id=\"69d02f77698c4\" data-height=\"30\" data-height-mobile=\"30\" data-height-tab=\"30\" data-height-tab-portrait=\"30\" data-height-mobile-landscape=\"30\" style=\"clear:both;display:block;\"><\/div>[\/vc_column][\/vc_row][\/vc_section][vc_section][\/vc_section]<\/p>\n","protected":false},"excerpt":{"rendered":"<p>[vc_section full_width=&#8221;stretch_row&#8221; content_placement=&#8221;middle&#8221; css=&#8221;.vc_custom_1611162715928{background-color: #f7f7f7 !important;}&#8221; el_class=&#8221;background-no-repeat&#8221;][vc_row content_placement=&#8221;middle&#8221; bg_type=&#8221;grad&#8221; bg_override=&#8221;full&#8221; css=&#8221;.vc_custom_1583183765810{margin-top: -36px !important;}&#8221; bg_grad=&#8221;background: -webkit-gradient(linear, left top, left bottom, color-stop(0%, #FFA826), color-stop(100%, #EB4A00));background: -moz-linear-gradient(left,#FFA826 0%,#EB4A00 100%);background: -webkit-linear-gradient(left,#FFA826 0%,#EB4A00 100%);background: -o-linear-gradient(left,#FFA826 0%,#EB4A00 100%);background: -ms-linear-gradient(left,#FFA826 0%,#EB4A00 100%);background: linear-gradient(left,#FFA826 0%,#EB4A00 100%);&#8221;][vc_column width=&#8221;1\/3&#8243; css=&#8221;.vc_custom_1515761320204{margin: 0px !important;border-width: 0px !important;padding: 0px !important;}&#8221;][vc_single_image image=&#8221;5&#8243; img_size=&#8221;full&#8221; onclick=&#8221;custom_link&#8221; image_hovers=&#8221;false&#8221; css=&#8221;.vc_custom_1517305023532{margin-top: 0px !important;margin-right: 0px !important;margin-bottom:&hellip;<\/p>\n","protected":false},"author":19,"featured_media":0,"parent":0,"menu_order":8,"comment_status":"closed","ping_status":"closed","template":"template-microsite.php","meta":{"footnotes":"","_links_to":"","_links_to_target":""},"yst_prominent_words":[],"class_list":["post-16163","page","type-page","status-publish","hentry","description-off"],"_links":{"self":[{"href":"https:\/\/comunique-se.com.br\/blog\/wp-json\/wp\/v2\/pages\/16163","targetHints":{"allow":["GET"]}}],"collection":[{"href":"https:\/\/comunique-se.com.br\/blog\/wp-json\/wp\/v2\/pages"}],"about":[{"href":"https:\/\/comunique-se.com.br\/blog\/wp-json\/wp\/v2\/types\/page"}],"author":[{"embeddable":true,"href":"https:\/\/comunique-se.com.br\/blog\/wp-json\/wp\/v2\/users\/19"}],"replies":[{"embeddable":true,"href":"https:\/\/comunique-se.com.br\/blog\/wp-json\/wp\/v2\/comments?post=16163"}],"version-history":[{"count":0,"href":"https:\/\/comunique-se.com.br\/blog\/wp-json\/wp\/v2\/pages\/16163\/revisions"}],"wp:attachment":[{"href":"https:\/\/comunique-se.com.br\/blog\/wp-json\/wp\/v2\/media?parent=16163"}],"wp:term":[{"taxonomy":"yst_prominent_words","embeddable":true,"href":"https:\/\/comunique-se.com.br\/blog\/wp-json\/wp\/v2\/yst_prominent_words?post=16163"}],"curies":[{"name":"wp","href":"https:\/\/api.w.org\/{rel}","templated":true}]}}